{"id":28,"date":"2014-01-28T12:15:10","date_gmt":"2014-01-28T10:15:10","guid":{"rendered":"http:\/\/demo-fc.mairon-online.de\/?page_id=28"},"modified":"2024-08-16T16:58:17","modified_gmt":"2024-08-16T15:58:17","slug":"alte-herren","status":"publish","type":"page","link":"https:\/\/www.fc-weigheim.de\/?page_id=28","title":{"rendered":"Alte Herren (AH)"},"content":{"rendered":"\n<p><\/p>\n\n\n\n<p><strong>Trainingszeiten:<\/strong><\/p>\n\n\n\n<ul class=\"wp-block-list\">\n<li>Mitte April &#8211; Mitte Oktober, Training auf dem Sportplatz in Durchhausen, immer Montag, ab 20:00 Uhr<\/li>\n\n\n\n<li>Mitte Oktober &#8211; Mitte April, Hallentraining (witterungsbedingt k\u00f6nnen sich hier auch leichte Verschiebungen ergeben!)<\/li>\n<\/ul>\n\n\n\n<p class=\"has-text-align-left\">Die Weigheimer AH besteht wie in den meisten Fu\u00dfballvereinen aus ehemaligen Spielern der Aktiven Mannschaft. Analog zur Spielgemeinschaft bei den Aktiven Herren, setzt sie sich aus Spielern der Vereine SV Durchhausen, TSV Gunningen, SV Tuningen und dem FC Weigheim zusammen. Ferner befinden sich unter uns auch einige ehemalige Hobbyfu\u00dfballer, die zuvor nie in einer Vereinsmannschaft Fu\u00dfball gespielt haben. Die meisten Mitglieder unseres Teams sind im Alter von 30 bis 55 Jahren. Ziel ist es, im einmal pro Woche stattfindenden Training miteinander m\u00f6glichst viel Spa\u00df am Fu\u00dfballsport ohne allzu gro\u00dfen Leistungsdruck zu haben.<\/p>\n\n\n\n<figure class=\"wp-block-image alignnone\"><a href=\"https:\/\/www.fc-weigheim.de\/wp-content\/uploads\/2015\/03\/AH-390.jpg\"><img loading=\"lazy\" decoding=\"async\" width=\"1140\" height=\"390\" src=\"https:\/\/www.fc-weigheim.de\/wp-content\/uploads\/2015\/03\/AH-390.jpg\" alt=\"Die AH-Mannschaft im Fr\u00fchjahr 2014.\" class=\"wp-image-489\" srcset=\"https:\/\/www.fc-weigheim.de\/wp-content\/uploads\/2015\/03\/AH-390.jpg 1140w, https:\/\/www.fc-weigheim.de\/wp-content\/uploads\/2015\/03\/AH-390-300x103.jpg 300w, https:\/\/www.fc-weigheim.de\/wp-content\/uploads\/2015\/03\/AH-390-1024x350.jpg 1024w\" sizes=\"auto, (max-width: 1140px) 100vw, 1140px\" \/><\/a><figcaption class=\"wp-element-caption\">Die AH-Mannschaft im Fr\u00fchjahr 2014.<\/figcaption><\/figure>\n\n\n\n<p class=\"has-text-align-left\">\u00dcberdies soll vor allem die Kameradschaft im Vordergrund stehen, die man in der Regel nach dem Training beim gemeinsamen Sportheimbesuch pflegt. Abernat\u00fcrlich m\u00f6chten wir uns auch noch hin und wieder noch dem sportlichen Wettbewerb stellen. Daher nehmen wir normalerweise an 2 \u2013 3 AH &#8211; Kleinfeldturnieren im Sommer und ebenso vielen Hallenturnieren in der Wintersaison teil.&nbsp; Zudem veranstalten wir im Winter ein eigenes Hallenturnier. Und sollte es sich terminlich anbieten, sind wir auch gerne bereit, ein Spiel gegen eine andere AH \u2013 Mannschaft auf dem Gro\u00dffeld auszutragen.<\/p>\n\n\n\n<p class=\"has-text-align-left\">Au\u00dferhalb des Sportplatzes pflegen wir auch noch diverse Freizeitaktivit\u00e4ten. Unter anderem f\u00fchren wir allj\u00e4hrlich eine Winterwanderung sowie ein Grillfest in der warmen Jahreszeit durch. Zuk\u00fcnftig m\u00f6chten wir zudem gelegentlich Programmpunkte wie Fahrradtouren, Schwimmbadbesuche, etc. anbieten.<\/p>\n\n\n\n<p class=\"has-text-align-left\">Wer Lust hat am Training teilzunehmen kann jerderzeit einfach im Training vorbeischauen.<\/p>\n","protected":false},"excerpt":{"rendered":"<p>Trainingszeiten: Die Weigheimer AH besteht wie in den meisten Fu\u00dfballvereinen aus ehemaligen Spielern der Aktiven Mannschaft. Analog zur Spielgemeinschaft bei den Aktiven Herren, setzt sie sich aus Spielern der Vereine SV Durchhausen, TSV Gunningen, SV Tuningen und dem FC Weigheim zusammen. Ferner befinden sich unter uns auch einige ehemalige Hobbyfu\u00dfballer, die zuvor nie in einer [&hellip;]<\/p>\n","protected":false},"author":6,"featured_media":278,"parent":0,"menu_order":0,"comment_status":"closed","ping_status":"closed","template":"","meta":{"_themeisle_gutenberg_block_has_review":false,"footnotes":""},"class_list":["post-28","page","type-page","status-publish","has-post-thumbnail","hentry"],"_links":{"self":[{"href":"https:\/\/www.fc-weigheim.de\/index.php?rest_route=\/wp\/v2\/pages\/28","targetHints":{"allow":["GET"]}}],"collection":[{"href":"https:\/\/www.fc-weigheim.de\/index.php?rest_route=\/wp\/v2\/pages"}],"about":[{"href":"https:\/\/www.fc-weigheim.de\/index.php?rest_route=\/wp\/v2\/types\/page"}],"author":[{"embeddable":true,"href":"https:\/\/www.fc-weigheim.de\/index.php?rest_route=\/wp\/v2\/users\/6"}],"replies":[{"embeddable":true,"href":"https:\/\/www.fc-weigheim.de\/index.php?rest_route=%2Fwp%2Fv2%2Fcomments&post=28"}],"version-history":[{"count":16,"href":"https:\/\/www.fc-weigheim.de\/index.php?rest_route=\/wp\/v2\/pages\/28\/revisions"}],"predecessor-version":[{"id":1718,"href":"https:\/\/www.fc-weigheim.de\/index.php?rest_route=\/wp\/v2\/pages\/28\/revisions\/1718"}],"wp:featuredmedia":[{"embeddable":true,"href":"https:\/\/www.fc-weigheim.de\/index.php?rest_route=\/wp\/v2\/media\/278"}],"wp:attachment":[{"href":"https:\/\/www.fc-weigheim.de\/index.php?rest_route=%2Fwp%2Fv2%2Fmedia&parent=28"}],"curies":[{"name":"wp","href":"https:\/\/api.w.org\/{rel}","templated":true}]}}